{"id":143,"date":"2019-01-25T11:42:32","date_gmt":"2019-01-25T11:42:32","guid":{"rendered":"http:\/\/www.pro-it.hu\/kunagota.hu\/?page_id=143"},"modified":"2020-06-03T10:23:10","modified_gmt":"2020-06-03T10:23:10","slug":"tajekoztato-hirdetmenyek","status":"publish","type":"page","link":"http:\/\/pro-it.hu\/kunagota.hu\/onkormanyzati-hivatal\/tajekoztato-hirdetmenyek\/","title":{"rendered":"T\u00e1j\u00e9koztat\u00f3, hirdetm\u00e9nyek"},"content":{"rendered":"<table border=\"0\" width=\"90%\" cellspacing=\"0\" cellpadding=\"0\" align=\"center\">\n<tbody>\n<tr>\n<td class=\"topcolborder\">\n<h3>\u0170rlap k\u00f6zigazgat\u00e1si szerv hat\u00e1rozat\u00e1nak b\u00edr\u00f3s\u00e1gi fel\u00fclvizsg\u00e1lata ir\u00e1nti keresetlev\u00e9l beny\u00fajt\u00e1s\u00e1hoz<\/h3>\n<\/td>\n<\/tr>\n<tr>\n<td class=\"bottomcolborder\">2016-09-20<\/p>\n<h3><a href=\"http:\/\/www.kunagota.hu\/res\/dokumentumok\/kozig\/KGTAAKDI_k01.jar\" target=\"_blank\" rel=\"noopener noreferrer\">Link<\/a><\/h3>\n<\/td>\n<\/tr>\n<\/tbody>\n<\/table>\n<p>&nbsp;<\/p>\n<table border=\"0\" width=\"90%\" cellspacing=\"0\" cellpadding=\"0\" align=\"center\">\n<tbody>\n<tr>\n<td class=\"topcolborder\">\n<h3>\u0170rlap keresetlev\u00e9l beterjeszt\u00e9s\u00e9hez jegyz\u0151 birtokv\u00e9delmi hat\u00e1rozat\u00e1nak megv\u00e1ltoztat\u00e1sa ir\u00e1nti perben<\/h3>\n<\/td>\n<\/tr>\n<tr>\n<td class=\"bottomcolborder\">2016-09-20<\/p>\n<h3><a href=\"http:\/\/www.kunagota.hu\/res\/dokumentumok\/birosag\/KGTAAKDI_p26.jar\" target=\"_blank\" rel=\"noopener noreferrer\">Link<\/a><\/h3>\n<\/td>\n<\/tr>\n<\/tbody>\n<\/table>\n<p>&nbsp;<\/p>\n<table border=\"0\" width=\"90%\" cellspacing=\"0\" cellpadding=\"0\" align=\"center\">\n<tbody>\n<tr>\n<td class=\"topcolborder\">\n<h3>Besz\u00e1mol\u00f3 a Kun\u00e1gotai K\u00f6z\u00f6s \u00d6nkorm\u00e1nyzati Hivatal 2014. \u00e9vi munk\u00e1j\u00e1r\u00f3l<\/h3>\n<\/td>\n<\/tr>\n<tr>\n<td class=\"bottomcolborder\">2015-05-06<\/p>\n<h3><a href=\"http:\/\/www.kunagota.hu\/res\/dokumentumok\/beszamolo2014\/hivatali_beszamolo2014.doc\" target=\"_blank\" rel=\"noopener noreferrer\">Link<\/a><\/h3>\n<\/td>\n<\/tr>\n<\/tbody>\n<\/table>\n<p>&nbsp;<\/p>\n<table border=\"0\" width=\"90%\" cellspacing=\"0\" cellpadding=\"0\" align=\"center\">\n<tbody>\n<tr>\n<td class=\"topcolborder\">\n<h3>K\u00f6z\u00f6s Hivatal Alap\u00edt\u00f3 Okirat<\/h3>\n<\/td>\n<\/tr>\n<tr>\n<td class=\"bottomcolborder\">2014-12-30<\/p>\n<h3><a href=\"http:\/\/www.kunagota.hu\/res\/dokumentumok\/kozoshivatal\/alapito.doc\" target=\"_blank\" rel=\"noopener noreferrer\">Link<\/a><\/h3>\n<\/td>\n<\/tr>\n<\/tbody>\n<\/table>\n<p>&nbsp;<\/p>\n<table border=\"0\" width=\"90%\" cellspacing=\"0\" cellpadding=\"0\" align=\"center\">\n<tbody>\n<tr>\n<td class=\"topcolborder\">\n<h3>MEG\u00c1LLAPOD\u00c1S K\u00d6Z\u00d6S \u00d6NKORM\u00c1NYZATI HIVATAL ALAK\u00cdT\u00c1S\u00c1R\u00d3L \u00c9S FENNTART\u00c1S\u00c1R\u00d3L<\/h3>\n<\/td>\n<\/tr>\n<tr>\n<td class=\"bottomcolborder\">2014-12-30<\/p>\n<h3><a href=\"http:\/\/pro-it.hu\/kunagota.hu\/wp-content\/uploads\/2020\/06\/megallapodas.doc\" target=\"_blank\" rel=\"noopener noreferrer\">Link<\/a><\/h3>\n<\/td>\n<\/tr>\n<\/tbody>\n<\/table>\n<p>&nbsp;<\/p>\n<table border=\"0\" width=\"90%\" cellspacing=\"0\" cellpadding=\"0\" align=\"center\">\n<tbody>\n<tr>\n<td class=\"topcolborder\">\n<h3>Besz\u00e1mol\u00f3 a Kun\u00e1gotai K\u00f6z\u00f6s \u00d6nkorm\u00e1nyzati Hivatal 2013. \u00e9vi munk\u00e1j\u00e1r\u00f3l<\/h3>\n<\/td>\n<\/tr>\n<tr>\n<td class=\"bottomcolborder\">2014-07-07<\/p>\n<h3><a href=\"http:\/\/www.kunagota.hu\/res\/dokumentumok\/beszamolo2013\/beszamolo_2013.doc\" target=\"_blank\" rel=\"noopener noreferrer\">Link<\/a><\/h3>\n<\/td>\n<\/tr>\n<\/tbody>\n<\/table>\n<p>&nbsp;<\/p>\n","protected":false},"excerpt":{"rendered":"<p>\u0170rlap k\u00f6zigazgat\u00e1si szerv hat\u00e1rozat\u00e1nak b\u00edr\u00f3s\u00e1gi fel\u00fclvizsg\u00e1lata ir\u00e1nti keresetlev\u00e9l beny\u00fajt\u00e1s\u00e1hoz 2016-09-20 Link &nbsp; \u0170rlap keresetlev\u00e9l beterjeszt\u00e9s\u00e9hez jegyz\u0151 birtokv\u00e9delmi hat\u00e1rozat\u00e1nak megv\u00e1ltoztat\u00e1sa ir\u00e1nti perben 2016-09-20 Link &nbsp; Besz\u00e1mol\u00f3 a Kun\u00e1gotai K\u00f6z\u00f6s \u00d6nkorm\u00e1nyzati Hivatal 2014. \u00e9vi munk\u00e1j\u00e1r\u00f3l 2015-05-06 Link &nbsp; K\u00f6z\u00f6s Hivatal Alap\u00edt\u00f3 Okirat&hellip; <\/p>\n","protected":false},"author":1,"featured_media":0,"parent":138,"menu_order":1,"comment_status":"closed","ping_status":"closed","template":"","meta":{"ngg_post_thumbnail":0,"footnotes":"","_links_to":"","_links_to_target":""},"class_list":["post-143","page","type-page","status-publish","hentry"],"_links":{"self":[{"href":"http:\/\/pro-it.hu\/kunagota.hu\/wp-json\/wp\/v2\/pages\/143","targetHints":{"allow":["GET"]}}],"collection":[{"href":"http:\/\/pro-it.hu\/kunagota.hu\/wp-json\/wp\/v2\/pages"}],"about":[{"href":"http:\/\/pro-it.hu\/kunagota.hu\/wp-json\/wp\/v2\/types\/page"}],"author":[{"embeddable":true,"href":"http:\/\/pro-it.hu\/kunagota.hu\/wp-json\/wp\/v2\/users\/1"}],"replies":[{"embeddable":true,"href":"http:\/\/pro-it.hu\/kunagota.hu\/wp-json\/wp\/v2\/comments?post=143"}],"version-history":[{"count":2,"href":"http:\/\/pro-it.hu\/kunagota.hu\/wp-json\/wp\/v2\/pages\/143\/revisions"}],"predecessor-version":[{"id":2131,"href":"http:\/\/pro-it.hu\/kunagota.hu\/wp-json\/wp\/v2\/pages\/143\/revisions\/2131"}],"up":[{"embeddable":true,"href":"http:\/\/pro-it.hu\/kunagota.hu\/wp-json\/wp\/v2\/pages\/138"}],"wp:attachment":[{"href":"http:\/\/pro-it.hu\/kunagota.hu\/wp-json\/wp\/v2\/media?parent=143"}],"curies":[{"name":"wp","href":"https:\/\/api.w.org\/{rel}","templated":true}]}}