{"id":3172,"date":"2023-04-28T10:42:16","date_gmt":"2023-04-28T10:42:16","guid":{"rendered":"http:\/\/pro-it.hu\/kunagota.hu\/?page_id=3172"},"modified":"2023-10-16T05:50:23","modified_gmt":"2023-10-16T05:50:23","slug":"esemenyek","status":"publish","type":"page","link":"http:\/\/pro-it.hu\/kunagota.hu\/esemenyek\/","title":{"rendered":"Esem\u00e9nyek"},"content":{"rendered":"<a href=\"http:\/\/pro-it.hu\/kunagota.hu\/wp-content\/uploads\/2023\/10\/P\u00e1ly\u00e1zati-felh\u00edv\u00e1s.pdf\" class=\"pdfemb-viewer\" style=\"\" data-width=\"max\" data-height=\"max\" data-toolbar=\"bottom\" data-toolbar-fixed=\"off\">P\u00e1ly\u00e1zati felh\u00edv\u00e1s<\/a>\n<p>&nbsp;<\/p>\n<a href=\"http:\/\/pro-it.hu\/kunagota.hu\/wp-content\/uploads\/2023\/09\/P\u00e1ly\u00e1zati-fejh\u00ecv\u00e1s_20230901091533.pdf\" class=\"pdfemb-viewer\" style=\"\" data-width=\"max\" data-height=\"max\" data-toolbar=\"bottom\" data-toolbar-fixed=\"off\">P\u00e1ly\u00e1zati fejh\u00ecv\u00e1s_20230901091533<\/a>\n<p><a href=\"http:\/\/pro-it.hu\/kunagota.hu\/wp-content\/uploads\/2023\/09\/P\u00e1ly\u00e1zati-adatlap_20230901092548.pdf\">P\u00e1ly\u00e1zati adatlap pdf form\u00e1tumban<\/a><\/p>\n<p><a href=\"http:\/\/pro-it.hu\/kunagota.hu\/wp-content\/uploads\/2023\/09\/Nyilatkozat-a-p\u00e1ly\u00e1zaton-val\u00f3-r\u00e9szv\u00e9telt-kiz\u00e1r\u00f3-okokr\u00f3l.pdf\">Nyilatkozat a p\u00e1ly\u00e1zaton val\u00f3 r\u00e9szv\u00e9telt kiz\u00e1r\u00f3 okokr\u00f3l pdf form\u00e1tumban<\/a><\/p>\n<p><a href=\"http:\/\/pro-it.hu\/kunagota.hu\/wp-content\/uploads\/2023\/09\/Nyilatkozat-a-p\u00e1ly\u00e1zaton-val\u00f3-r\u00e9szv\u00e9tel-b\u00edr\u00e1lati-szempontjair\u00f3l.pdf\">Nyilatkozat a p\u00e1ly\u00e1zaton val\u00f3 r\u00e9szv\u00e9tel b\u00edr\u00e1lati szempontjair\u00f3l<\/a><\/p>\n<p><a href=\"http:\/\/pro-it.hu\/kunagota.hu\/4271-2\/\">3 db alaprajz pdf form\u00e1tumban<\/a><\/p>\n","protected":false},"excerpt":{"rendered":"<p>&nbsp; P\u00e1ly\u00e1zati adatlap pdf form\u00e1tumban Nyilatkozat a p\u00e1ly\u00e1zaton val\u00f3 r\u00e9szv\u00e9telt kiz\u00e1r\u00f3 okokr\u00f3l pdf form\u00e1tumban Nyilatkozat a p\u00e1ly\u00e1zaton val\u00f3 r\u00e9szv\u00e9tel b\u00edr\u00e1lati szempontjair\u00f3l 3 db alaprajz pdf form\u00e1tumban<\/p>\n","protected":false},"author":1,"featured_media":0,"parent":0,"menu_order":0,"comment_status":"closed","ping_status":"closed","template":"","meta":{"ngg_post_thumbnail":0,"footnotes":"","_links_to":"","_links_to_target":""},"class_list":["post-3172","page","type-page","status-publish","hentry"],"_links":{"self":[{"href":"http:\/\/pro-it.hu\/kunagota.hu\/wp-json\/wp\/v2\/pages\/3172","targetHints":{"allow":["GET"]}}],"collection":[{"href":"http:\/\/pro-it.hu\/kunagota.hu\/wp-json\/wp\/v2\/pages"}],"about":[{"href":"http:\/\/pro-it.hu\/kunagota.hu\/wp-json\/wp\/v2\/types\/page"}],"author":[{"embeddable":true,"href":"http:\/\/pro-it.hu\/kunagota.hu\/wp-json\/wp\/v2\/users\/1"}],"replies":[{"embeddable":true,"href":"http:\/\/pro-it.hu\/kunagota.hu\/wp-json\/wp\/v2\/comments?post=3172"}],"version-history":[{"count":7,"href":"http:\/\/pro-it.hu\/kunagota.hu\/wp-json\/wp\/v2\/pages\/3172\/revisions"}],"predecessor-version":[{"id":4310,"href":"http:\/\/pro-it.hu\/kunagota.hu\/wp-json\/wp\/v2\/pages\/3172\/revisions\/4310"}],"wp:attachment":[{"href":"http:\/\/pro-it.hu\/kunagota.hu\/wp-json\/wp\/v2\/media?parent=3172"}],"curies":[{"name":"wp","href":"https:\/\/api.w.org\/{rel}","templated":true}]}}