{"id":4570,"date":"2024-01-22T08:25:01","date_gmt":"2024-01-22T08:25:01","guid":{"rendered":"http:\/\/pro-it.hu\/kunagota.hu\/?page_id=4570"},"modified":"2024-06-24T13:02:06","modified_gmt":"2024-06-24T13:02:06","slug":"hatarozatok","status":"publish","type":"page","link":"http:\/\/pro-it.hu\/kunagota.hu\/hatarozatok\/","title":{"rendered":"Hat\u00e1rozatok"},"content":{"rendered":"<h3>Hat\u00e1rozat- Meg\u00fcresedett k\u00e9pvisel\u0151i mand\u00e1tum<\/h3>\n<a href=\"http:\/\/pro-it.hu\/kunagota.hu\/wp-content\/uploads\/2024\/06\/HVB-hat.-meg\u00fcresedett-mand\u00e1tum-bet\u00f6lt.-42.pdf\" class=\"pdfemb-viewer\" style=\"\" data-width=\"max\" data-height=\"max\" data-toolbar=\"bottom\" data-toolbar-fixed=\"off\">HVB hat. meg\u00fcresedett mand\u00e1tum bet\u00f6lt. 42<\/a>\n<h3>&nbsp;<\/h3>\n<h3>&nbsp;<\/h3>\n<h3>Hat\u00e1rozat- Polg\u00e1rmester v\u00e1laszt\u00e1s eredm\u00e9nye<\/h3>\n<a href=\"http:\/\/pro-it.hu\/kunagota.hu\/wp-content\/uploads\/2024\/06\/polg\u00e1rmester-v\u00e1laszt\u00e1s-eredm\u00e9nye.pdf\" class=\"pdfemb-viewer\" style=\"\" data-width=\"max\" data-height=\"max\" data-toolbar=\"bottom\" data-toolbar-fixed=\"off\">polg\u00e1rmester v\u00e1laszt\u00e1s eredm\u00e9nye<\/a>\n<p>&nbsp;<\/p>\n<p>&nbsp;<\/p>\n<h3>Hat\u00e1rozat- Egy\u00e9ni list\u00e1s k\u00e9pvisel\u0151jel\u00f6lt v\u00e1laszt\u00e1s eredm\u00e9nye<\/h3>\n<a href=\"http:\/\/pro-it.hu\/kunagota.hu\/wp-content\/uploads\/2024\/06\/egy\u00e9ni-list\u00e1s-v\u00e1laszt\u00e1s-erdm\u00e9nye.pdf\" class=\"pdfemb-viewer\" style=\"\" data-width=\"max\" data-height=\"max\" data-toolbar=\"bottom\" data-toolbar-fixed=\"off\">egy\u00e9ni list\u00e1s v\u00e1laszt\u00e1s erdm\u00e9nye<\/a>\n<p>&nbsp;<\/p>\n<p>&nbsp;<\/p>\n<h3>Hat\u00e1rozat- Nemzetis\u00e9gi k\u00e9pvisel\u0151jel\u00f6lt v\u00e1laszt\u00e1s eredm\u00e9nye&nbsp;<\/h3>\n<a href=\"http:\/\/pro-it.hu\/kunagota.hu\/wp-content\/uploads\/2024\/06\/nemzetis\u00e9gi-k\u00e9pvisel\u0151-v\u00e1laszt\u00e1s-eredm\u00e9nye.pdf\" class=\"pdfemb-viewer\" style=\"\" data-width=\"max\" data-height=\"max\" data-toolbar=\"bottom\" data-toolbar-fixed=\"off\">nemzetis\u00e9gi k\u00e9pvisel\u0151 v\u00e1laszt\u00e1s eredm\u00e9nye<\/a>\n<h3>&nbsp;<\/h3>\n<h3>&nbsp;<\/h3>\n<h3>Szavaz\u00f3k\u00f6r\u00f6k kialak\u00edt\u00e1s\u00e1r\u00f3l \u00e9s fel\u00fclvizsg\u00e1lat\u00e1r\u00f3l sz\u00f3l\u00f3 hat\u00e1rozata<\/h3>\n<a href=\"http:\/\/pro-it.hu\/kunagota.hu\/wp-content\/uploads\/2024\/01\/Szavazokor-hatarozat.pdf\" class=\"pdfemb-viewer\" style=\"\" data-width=\"max\" data-height=\"max\" data-toolbar=\"bottom\" data-toolbar-fixed=\"off\">Szavazokor hatarozat<\/a>\n<p>&nbsp;<\/p>\n<p>&nbsp;<\/p>\n<h3>V\u00e1laszt\u00e1si Iroda mand\u00e1tumok sz\u00e1m\u00e1nak meg\u00e1llap\u00edt\u00e1s\u00e1r\u00f3l sz\u00f3l\u00f3 hat\u00e1rozata<\/h3>\n<a href=\"http:\/\/pro-it.hu\/kunagota.hu\/wp-content\/uploads\/2024\/01\/Mandatum-hatarozat.pdf\" class=\"pdfemb-viewer\" style=\"\" data-width=\"max\" data-height=\"max\" data-toolbar=\"bottom\" data-toolbar-fixed=\"off\">Mandatum hatarozat<\/a>\n<p>&nbsp;<\/p>\n<p>&nbsp;<\/p>\n<h3>Hirdetm\u00e9ny<\/h3>\n<a href=\"http:\/\/pro-it.hu\/kunagota.hu\/wp-content\/uploads\/2024\/04\/Kunagota.pdf\" class=\"pdfemb-viewer\" style=\"\" data-width=\"max\" data-height=\"max\" data-toolbar=\"bottom\" data-toolbar-fixed=\"off\">Kunagota<\/a>\n<p>&nbsp;<\/p>\n<h3>Hat\u00e1rozat- B\u00edrs\u00e1g<\/h3>\n<a href=\"http:\/\/pro-it.hu\/kunagota.hu\/wp-content\/uploads\/2024\/05\/Hvb-hat.kepvj_.-nyilv-35-birsag.pdf\" class=\"pdfemb-viewer\" style=\"\" data-width=\"max\" data-height=\"max\" data-toolbar=\"bottom\" data-toolbar-fixed=\"off\">Hvb hat.kepvj. nyilv 35 birsag<\/a>\n<p>&nbsp;<\/p>\n<h3>Hat\u00e1rozat- Polg\u00e1rmester szavaz\u00f3lap<\/h3>\n<a href=\"http:\/\/pro-it.hu\/kunagota.hu\/wp-content\/uploads\/2024\/05\/36.-pm-szlap.pdf\" class=\"pdfemb-viewer\" style=\"\" data-width=\"max\" data-height=\"max\" data-toolbar=\"bottom\" data-toolbar-fixed=\"off\">36. pm szlap<\/a>\n<p>&nbsp;<\/p>\n<h3>Hat\u00e1rozat- Nemzetis\u00e9gi szavaz\u00f3lap<\/h3>\n<a href=\"http:\/\/pro-it.hu\/kunagota.hu\/wp-content\/uploads\/2024\/05\/38.-nemz.-szlap.pdf\" class=\"pdfemb-viewer\" style=\"\" data-width=\"max\" data-height=\"max\" data-toolbar=\"bottom\" data-toolbar-fixed=\"off\">38. nemz. szlap<\/a>\n<p>&nbsp;<\/p>\n<h3>Hat\u00e1rozat- Egy\u00e9ni list\u00e1s k\u00e9pvisel\u0151 szavaz\u00f3lap<\/h3>\n<a href=\"http:\/\/pro-it.hu\/kunagota.hu\/wp-content\/uploads\/2024\/05\/37.-k\u00e9pv.-szlap.pdf\" class=\"pdfemb-viewer\" style=\"\" data-width=\"max\" data-height=\"max\" data-toolbar=\"bottom\" data-toolbar-fixed=\"off\">37. k\u00e9pv. szlap<\/a>\n<p>&nbsp;<\/p>\n<h3>Hat\u00e1rozat- Nemzetis\u00e9gi k\u00e9pvisel\u0151 jel\u00f6lt sorsol\u00e1s<\/h3>\n<a href=\"http:\/\/pro-it.hu\/kunagota.hu\/wp-content\/uploads\/2024\/05\/HVB-hat.-nemz.-kepv.-jelolt-sorsolas.pdf\" class=\"pdfemb-viewer\" style=\"\" data-width=\"max\" data-height=\"max\" data-toolbar=\"bottom\" data-toolbar-fixed=\"off\">HVB hat. nemz. kepv. jelolt sorsolas<\/a>\n<p>&nbsp;<\/p>\n<h3>Hat\u00e1rozat- Egy\u00e9ni list\u00e1s k\u00e9pvisel\u0151 jel\u00f6lt sorsol\u00e1s<\/h3>\n<a href=\"http:\/\/pro-it.hu\/kunagota.hu\/wp-content\/uploads\/2024\/05\/HVB-hat.-kepv.jelolt-sorrend-sorsolas-1.pdf\" class=\"pdfemb-viewer\" style=\"\" data-width=\"max\" data-height=\"max\" data-toolbar=\"bottom\" data-toolbar-fixed=\"off\">HVB hat. kepv.jelolt sorrend sorsolas<\/a>\n<p>&nbsp;<\/p>\n<h3>Hat\u00e1rozat- Polg\u00e1rmester jel\u00f6lt sorsol\u00e1s<\/h3>\n<a href=\"http:\/\/pro-it.hu\/kunagota.hu\/wp-content\/uploads\/2024\/05\/HVB-hat.-polg.jelolt-sorrend-sorsolas.pdf\" class=\"pdfemb-viewer\" style=\"\" data-width=\"max\" data-height=\"max\" data-toolbar=\"bottom\" data-toolbar-fixed=\"off\">HVB hat. polg.jelolt sorrend sorsolas<\/a>\n<p>&nbsp;<\/p>\n<h3>Hat\u00e1rozat- 1. Polg\u00e1rmester jel\u00f6lt<\/h3>\n<a href=\"http:\/\/pro-it.hu\/kunagota.hu\/wp-content\/uploads\/2024\/04\/HVB-hat.-pm-j-nyilv-vet-1.pdf\" class=\"pdfemb-viewer\" style=\"\" data-width=\"max\" data-height=\"max\" data-toolbar=\"bottom\" data-toolbar-fixed=\"off\">HVB hat. pm j nyilv vet 1<\/a>\n<p>&nbsp;<\/p>\n<h3>Hat\u00e1rozat- 2. Polg\u00e1rmester jel\u00f6lt<\/h3>\n<a href=\"http:\/\/pro-it.hu\/kunagota.hu\/wp-content\/uploads\/2024\/04\/HVB-hat.-pm.-nyilv.v\u00e8t-2.pdf\" class=\"pdfemb-viewer\" style=\"\" data-width=\"max\" data-height=\"max\" data-toolbar=\"bottom\" data-toolbar-fixed=\"off\">HVB hat. pm. nyilv.v\u00e8t 2<\/a>\n<p>&nbsp;<\/p>\n<h3>Hat\u00e1rozat- 3. Polg\u00e1rmester jel\u00f6lt<\/h3>\n<a href=\"http:\/\/pro-it.hu\/kunagota.hu\/wp-content\/uploads\/2024\/04\/HVB-hat.-pm.-nyilv.v\u00e8t-3.pdf\" class=\"pdfemb-viewer\" style=\"\" data-width=\"max\" data-height=\"max\" data-toolbar=\"bottom\" data-toolbar-fixed=\"off\">HVB hat. pm. nyilv.v\u00e8t 3<\/a>\n<p>&nbsp;<\/p>\n<h3>Hat\u00e1rozat- 4. Polg\u00e1rmester jel\u00f6lt<\/h3>\n<a href=\"http:\/\/pro-it.hu\/kunagota.hu\/wp-content\/uploads\/2024\/04\/HVB-hat.-pm.-nyilv.v\u00e8t-4.pdf\" class=\"pdfemb-viewer\" style=\"\" data-width=\"max\" data-height=\"max\" data-toolbar=\"bottom\" data-toolbar-fixed=\"off\">HVB hat. pm. nyilv.v\u00e8t 4<\/a>\n<p>&nbsp;<\/p>\n<h3>Hat\u00e1rozat- 1. Egy\u00e9ni list\u00e1s k\u00e9pvisel\u0151 jel\u00f6lt<\/h3>\n<a href=\"http:\/\/pro-it.hu\/kunagota.hu\/wp-content\/uploads\/2024\/04\/HVB-hat.-kepv-j-nyilv-vet-1.pdf\" class=\"pdfemb-viewer\" style=\"\" data-width=\"max\" data-height=\"max\" data-toolbar=\"bottom\" data-toolbar-fixed=\"off\">HVB hat. kepv j nyilv vet 1<\/a>\n<p>&nbsp;<\/p>\n<h3>Hat\u00e1rozat- 2. Egy\u00e9ni list\u00e1s k\u00e9pvisel\u0151 jel\u00f6lt<\/h3>\n<a href=\"http:\/\/pro-it.hu\/kunagota.hu\/wp-content\/uploads\/2024\/04\/HVB-hat.-kepv-j-nyilv-vet-2.pdf\" class=\"pdfemb-viewer\" style=\"\" data-width=\"max\" data-height=\"max\" data-toolbar=\"bottom\" data-toolbar-fixed=\"off\">HVB hat. kepv j nyilv vet 2<\/a>\n<p>&nbsp;<\/p>\n<h3>Hat\u00e1rozat- 3. Egy\u00e9ni list\u00e1s k\u00e9pvisel\u0151 jel\u00f6lt<\/h3>\n<a href=\"http:\/\/pro-it.hu\/kunagota.hu\/wp-content\/uploads\/2024\/04\/HVB-hat.-kepv-j-nyilv-vet-3.pdf\" class=\"pdfemb-viewer\" style=\"\" data-width=\"max\" data-height=\"max\" data-toolbar=\"bottom\" data-toolbar-fixed=\"off\">HVB hat. kepv j nyilv vet 3<\/a>\n<p>&nbsp;<\/p>\n<h3>Hat\u00e1rozat- 4. Egy\u00e9ni list\u00e1s k\u00e9pvisel\u0151 jel\u00f6lt<\/h3>\n<a href=\"http:\/\/pro-it.hu\/kunagota.hu\/wp-content\/uploads\/2024\/04\/HVB-hat.-kepv-j-nyilv-vet-4.pdf\" class=\"pdfemb-viewer\" style=\"\" data-width=\"max\" data-height=\"max\" data-toolbar=\"bottom\" data-toolbar-fixed=\"off\">HVB hat. kepv j nyilv vet 4<\/a>\n<p>&nbsp;<\/p>\n<h3>Hat\u00e1rozat- 5. Egy\u00e9ni list\u00e1s k\u00e9pvisel\u0151 jel\u00f6lt<\/h3>\n<a href=\"http:\/\/pro-it.hu\/kunagota.hu\/wp-content\/uploads\/2024\/04\/HVB-hat.-kepv-j-nyilv-vet-5.pdf\" class=\"pdfemb-viewer\" style=\"\" data-width=\"max\" data-height=\"max\" data-toolbar=\"bottom\" data-toolbar-fixed=\"off\">HVB hat. kepv j nyilv vet 5<\/a>\n<p>&nbsp;<\/p>\n<h3>Hat\u00e1rozat- 6. Egy\u00e9ni list\u00e1s k\u00e9pvisel\u0151 jel\u00f6lt<\/h3>\n<a href=\"http:\/\/pro-it.hu\/kunagota.hu\/wp-content\/uploads\/2024\/04\/HVB-hat.-kepv-j-nyilv-vet-6.pdf\" class=\"pdfemb-viewer\" style=\"\" data-width=\"max\" data-height=\"max\" data-toolbar=\"bottom\" data-toolbar-fixed=\"off\">HVB hat. kepv j nyilv vet 6<\/a>\n<p>&nbsp;<\/p>\n<h3>Hat\u00e1rozat- 7. Egy\u00e9ni list\u00e1s k\u00e9pvisel\u0151 jel\u00f6lt<\/h3>\n<a href=\"http:\/\/pro-it.hu\/kunagota.hu\/wp-content\/uploads\/2024\/04\/HVB-hat.-k\u00e8pvj.-nyilv.-v\u00e8t-7.pdf\" class=\"pdfemb-viewer\" style=\"\" data-width=\"max\" data-height=\"max\" data-toolbar=\"bottom\" data-toolbar-fixed=\"off\">HVB hat. k\u00e8pvj. nyilv. v\u00e8t 7<\/a>\n<p>&nbsp;<\/p>\n<h3>Hat\u00e1rozat- 8. Egy\u00e9ni list\u00e1s k\u00e9pvisel\u0151 jel\u00f6lt<\/h3>\n<a href=\"http:\/\/pro-it.hu\/kunagota.hu\/wp-content\/uploads\/2024\/04\/HVB-hat.-k\u00e8pvj.-nyilv.-v\u00e8t-8.pdf\" class=\"pdfemb-viewer\" style=\"\" data-width=\"max\" data-height=\"max\" data-toolbar=\"bottom\" data-toolbar-fixed=\"off\">HVB hat. k\u00e8pvj. nyilv. v\u00e8t 8<\/a>\n<p>&nbsp;<\/p>\n<h3>Hat\u00e1rozat- 9. Egy\u00e9ni list\u00e1s k\u00e9pvisel\u0151 jel\u00f6lt<\/h3>\n<a href=\"http:\/\/pro-it.hu\/kunagota.hu\/wp-content\/uploads\/2024\/04\/HVB-hat.-k\u00e8pvj.-nyilv.-v\u00e8t-9.pdf\" class=\"pdfemb-viewer\" style=\"\" data-width=\"max\" data-height=\"max\" data-toolbar=\"bottom\" data-toolbar-fixed=\"off\">HVB hat. k\u00e8pvj. nyilv. v\u00e8t 9<\/a>\n<p>&nbsp;<\/p>\n<h3>Hat\u00e1rozat- 10. Egy\u00e9ni list\u00e1s k\u00e9pvisel\u0151 jel\u00f6lt<\/h3>\n<a href=\"http:\/\/pro-it.hu\/kunagota.hu\/wp-content\/uploads\/2024\/04\/HVB-hat.-k\u00e8pvj.-nyilv.-v\u00e8t-10.pdf\" class=\"pdfemb-viewer\" style=\"\" data-width=\"max\" data-height=\"max\" data-toolbar=\"bottom\" data-toolbar-fixed=\"off\">HVB hat. k\u00e8pvj. nyilv. v\u00e8t 10<\/a>\n<p>&nbsp;<\/p>\n<h3>Hat\u00e1rozat- 11. Egy\u00e9ni list\u00e1s k\u00e9pvisel\u0151 jel\u00f6lt<\/h3>\n<a href=\"http:\/\/pro-it.hu\/kunagota.hu\/wp-content\/uploads\/2024\/04\/HVB-hat.-k\u00e8pvj.-nyilv.-v\u00e8t-11.pdf\" class=\"pdfemb-viewer\" style=\"\" data-width=\"max\" data-height=\"max\" data-toolbar=\"bottom\" data-toolbar-fixed=\"off\">HVB hat. k\u00e8pvj. nyilv. v\u00e8t 11<\/a>\n<p>&nbsp;<\/p>\n<h3>Hat\u00e1rozat- 12. Egy\u00e9ni list\u00e1s k\u00e9pvisel\u0151 jel\u00f6lt<\/h3>\n<a href=\"http:\/\/pro-it.hu\/kunagota.hu\/wp-content\/uploads\/2024\/05\/HVB-hat.kepvj_.ny_.vet_.12.pdf\" class=\"pdfemb-viewer\" style=\"\" data-width=\"max\" data-height=\"max\" data-toolbar=\"bottom\" data-toolbar-fixed=\"off\">HVB hat.kepvj.ny.vet.12<\/a>\n<p>&nbsp;<\/p>\n<h3>Hat\u00e1rozat- 13. Egy\u00e9ni list\u00e1s k\u00e9pvisel\u0151 jel\u00f6lt<\/h3>\n<a href=\"http:\/\/pro-it.hu\/kunagota.hu\/wp-content\/uploads\/2024\/05\/HVB-hat.kepvj_.ny_.vet_.13.pdf\" class=\"pdfemb-viewer\" style=\"\" data-width=\"max\" data-height=\"max\" data-toolbar=\"bottom\" data-toolbar-fixed=\"off\">HVB hat.kepvj.ny.vet.13<\/a>\n<p>&nbsp;<\/p>\n<h3>Hat\u00e1rozat- 14. Egy\u00e9ni list\u00e1s k\u00e9pvisel\u0151 jel\u00f6lt<\/h3>\n<a href=\"http:\/\/pro-it.hu\/kunagota.hu\/wp-content\/uploads\/2024\/05\/HVB-hat.kepvj_.ny_.vet_.14.pdf\" class=\"pdfemb-viewer\" style=\"\" data-width=\"max\" data-height=\"max\" data-toolbar=\"bottom\" data-toolbar-fixed=\"off\">HVB hat.kepvj.ny.vet.14<\/a>\n<p>&nbsp;<\/p>\n<h3>Hat\u00e1rozat- 15. Egy\u00e9ni list\u00e1s k\u00e9pvisel\u0151 jel\u00f6lt<\/h3>\n<a href=\"http:\/\/pro-it.hu\/kunagota.hu\/wp-content\/uploads\/2024\/05\/HVB-hat.kepvj_.ny_.vet_.15.pdf\" class=\"pdfemb-viewer\" style=\"\" data-width=\"max\" data-height=\"max\" data-toolbar=\"bottom\" data-toolbar-fixed=\"off\">HVB hat.kepvj.ny.vet.15<\/a>\n<p>&nbsp;<\/p>\n<h3>Hat\u00e1rozat- 16. Egy\u00e9ni list\u00e1s k\u00e9pvisel\u0151 jel\u00f6lt<\/h3>\n<a href=\"http:\/\/pro-it.hu\/kunagota.hu\/wp-content\/uploads\/2024\/05\/HVB-hat.kepvj_.ny_.vet_.16.pdf\" class=\"pdfemb-viewer\" style=\"\" data-width=\"max\" data-height=\"max\" data-toolbar=\"bottom\" data-toolbar-fixed=\"off\">HVB hat.kepvj.ny.vet.16<\/a>\n<p>&nbsp;<\/p>\n<h3>Hat\u00e1rozat- 17. Egy\u00e9ni list\u00e1s k\u00e9pvisel\u0151 jel\u00f6lt<\/h3>\n<a href=\"http:\/\/pro-it.hu\/kunagota.hu\/wp-content\/uploads\/2024\/05\/Hvb-hat.kepvj_.-nyilv-30.pdf\" class=\"pdfemb-viewer\" style=\"\" data-width=\"max\" data-height=\"max\" data-toolbar=\"bottom\" data-toolbar-fixed=\"off\">Hvb hat.kepvj. nyilv 30<\/a>\n<p>&nbsp;<\/p>\n<p>&nbsp;<\/p>\n<h3>Hat\u00e1rozat- 18. Egy\u00e9ni list\u00e1s k\u00e9pvisel\u0151 jel\u00f6lt<\/h3>\n<a href=\"http:\/\/pro-it.hu\/kunagota.hu\/wp-content\/uploads\/2024\/05\/Hvb-hat.kepvj_.-nyilv-31.pdf\" class=\"pdfemb-viewer\" style=\"\" data-width=\"max\" data-height=\"max\" data-toolbar=\"bottom\" data-toolbar-fixed=\"off\">Hvb hat.kepvj. nyilv 31<\/a>\n<p>&nbsp;<\/p>\n<h3>Hat\u00e1rozat- 19. Egy\u00e9ni list\u00e1s k\u00e9pvisel\u0151 jel\u00f6lt<\/h3>\n<a href=\"http:\/\/pro-it.hu\/kunagota.hu\/wp-content\/uploads\/2024\/05\/Hvb-hat.kepvj_.-nyilv-32.pdf\" class=\"pdfemb-viewer\" style=\"\" data-width=\"max\" data-height=\"max\" data-toolbar=\"bottom\" data-toolbar-fixed=\"off\">Hvb hat.kepvj. nyilv 32<\/a>\n<p>&nbsp;<\/p>\n<h3>Hat\u00e1rozat- 20. Egy\u00e9ni list\u00e1s k\u00e9pvisel\u0151 jel\u00f6lt<\/h3>\n<a href=\"http:\/\/pro-it.hu\/kunagota.hu\/wp-content\/uploads\/2024\/05\/Hvb-hat.kepvj_.-nyilv-33.pdf\" class=\"pdfemb-viewer\" style=\"\" data-width=\"max\" data-height=\"max\" data-toolbar=\"bottom\" data-toolbar-fixed=\"off\">Hvb hat.kepvj. nyilv 33<\/a>\n<p>&nbsp;<\/p>\n<h3>Hat\u00e1rozat- 21. Egy\u00e9ni list\u00e1s k\u00e9pvisel\u0151 jel\u00f6lt<\/h3>\n<a href=\"http:\/\/pro-it.hu\/kunagota.hu\/wp-content\/uploads\/2024\/05\/Hvb-hat.kepvj_.-nyilv-34.pdf\" class=\"pdfemb-viewer\" style=\"\" data-width=\"max\" data-height=\"max\" data-toolbar=\"bottom\" data-toolbar-fixed=\"off\">Hvb hat.kepvj. nyilv 34<\/a>\n<p>&nbsp;<\/p>\n<h3>Hat\u00e1rozat- 1. Nemzetis\u00e9gi k\u00e9pvisel\u0151 jel\u00f6lt<\/h3>\n<a href=\"http:\/\/pro-it.hu\/kunagota.hu\/wp-content\/uploads\/2024\/04\/HVB-hat.-roma-nem.-k\u00e8pvj.-nyilv.-v\u00e8t-1.pdf\" class=\"pdfemb-viewer\" style=\"\" data-width=\"max\" data-height=\"max\" data-toolbar=\"bottom\" data-toolbar-fixed=\"off\">HVB hat. roma nem. k\u00e8pvj. nyilv. v\u00e8t 1<\/a>\n<p>&nbsp;<\/p>\n<h3>Hat\u00e1rozat- 2. Nemzetis\u00e9gi k\u00e9pvisel\u0151 jel\u00f6lt<\/h3>\n<a href=\"http:\/\/pro-it.hu\/kunagota.hu\/wp-content\/uploads\/2024\/04\/HVB-hat.-roma-nem.-k\u00e8pvj.-nyilv.-v\u00e8t-2.pdf\" class=\"pdfemb-viewer\" style=\"\" data-width=\"max\" data-height=\"max\" data-toolbar=\"bottom\" data-toolbar-fixed=\"off\">HVB hat. roma nem. k\u00e8pvj. nyilv. v\u00e8t 2<\/a>\n<p>&nbsp;<\/p>\n<h3>Hat\u00e1rozat- 3. Nemzetis\u00e9gi K\u00e9pvisel\u0151 jel\u00f6lt<\/h3>\n<a href=\"http:\/\/pro-it.hu\/kunagota.hu\/wp-content\/uploads\/2024\/04\/HVB-hat.-roma-nem.-k\u00e8pvj.-nyilv.-v\u00e8t-3.pdf\" class=\"pdfemb-viewer\" style=\"\" data-width=\"max\" data-height=\"max\" data-toolbar=\"bottom\" data-toolbar-fixed=\"off\">HVB hat. roma nem. k\u00e8pvj. nyilv. v\u00e8t 3<\/a>\n<p>&nbsp;<\/p>\n<h3>Hat\u00e1rozat- 4. Nemzetis\u00e9gi K\u00e9pvisel\u0151 jel\u00f6lt<\/h3>\n<a href=\"http:\/\/pro-it.hu\/kunagota.hu\/wp-content\/uploads\/2024\/04\/HVB-hat.-roma-nem.-k\u00e8pvj.-nyilv.-v\u00e8t-4.pdf\" class=\"pdfemb-viewer\" style=\"\" data-width=\"max\" data-height=\"max\" data-toolbar=\"bottom\" data-toolbar-fixed=\"off\">HVB hat. roma nem. k\u00e8pvj. nyilv. v\u00e8t 4<\/a>\n<p>&nbsp;<\/p>\n<h3>Hat\u00e1rozat- 5. Nemzetis\u00e9gi K\u00e9pvisel\u0151 jel\u00f6lt<\/h3>\n<a href=\"http:\/\/pro-it.hu\/kunagota.hu\/wp-content\/uploads\/2024\/05\/HVB-hat.roma-nemz.kepvj_.ny_.vet5_.pdf\" class=\"pdfemb-viewer\" style=\"\" data-width=\"max\" data-height=\"max\" data-toolbar=\"bottom\" data-toolbar-fixed=\"off\">HVB hat.roma nemz.kepvj.ny.vet5<\/a>\n<p>&nbsp;<\/p>\n<h3>Hat\u00e1rozat- 6. Nemzetis\u00e9gi K\u00e9pvisel\u0151 jel\u00f6lt<\/h3>\n<a href=\"http:\/\/pro-it.hu\/kunagota.hu\/wp-content\/uploads\/2024\/05\/HVB-hat.roma-nemz.kepvj_.ny_.vet6_.pdf\" class=\"pdfemb-viewer\" style=\"\" data-width=\"max\" data-height=\"max\" data-toolbar=\"bottom\" data-toolbar-fixed=\"off\">HVB hat.roma nemz.kepvj.ny.vet6<\/a>\n<p>&nbsp;<\/p>\n<h3>1.Jegyz\u0151k\u00f6nyv<\/h3>\n<a href=\"http:\/\/pro-it.hu\/kunagota.hu\/wp-content\/uploads\/2024\/05\/HVB-1jkv.pdf\" class=\"pdfemb-viewer\" style=\"\" data-width=\"max\" data-height=\"max\" data-toolbar=\"bottom\" data-toolbar-fixed=\"off\">HVB 1jkv<\/a>\n<p>&nbsp;<\/p>\n<h3>2.Jegyz\u0151k\u00f6nyv<\/h3>\n<a href=\"http:\/\/pro-it.hu\/kunagota.hu\/wp-content\/uploads\/2024\/05\/HVB-2-jkv.pdf\" class=\"pdfemb-viewer\" style=\"\" data-width=\"max\" data-height=\"max\" data-toolbar=\"bottom\" data-toolbar-fixed=\"off\">HVB 2 jkv<\/a>\n<p>&nbsp;<\/p>\n<h3>3.Jegyz\u0151k\u00f6nyv<\/h3>\n<a href=\"http:\/\/pro-it.hu\/kunagota.hu\/wp-content\/uploads\/2024\/05\/HVB-3-jkv.pdf\" class=\"pdfemb-viewer\" style=\"\" data-width=\"max\" data-height=\"max\" data-toolbar=\"bottom\" data-toolbar-fixed=\"off\">HVB 3 jkv<\/a>\n<p>&nbsp;<\/p>\n<h3>4.Jegyz\u0151k\u00f6nyv<\/h3>\n<a href=\"http:\/\/pro-it.hu\/kunagota.hu\/wp-content\/uploads\/2024\/05\/HVB-4-jkv.pdf\" class=\"pdfemb-viewer\" style=\"\" data-width=\"max\" data-height=\"max\" data-toolbar=\"bottom\" data-toolbar-fixed=\"off\">HVB 4 jkv<\/a>\n<p>&nbsp;<\/p>\n<h3>5.Jegyz\u0151k\u00f6nyv<\/h3>\n<a href=\"http:\/\/pro-it.hu\/kunagota.hu\/wp-content\/uploads\/2024\/05\/HVB-5-jkv.pdf\" class=\"pdfemb-viewer\" style=\"\" data-width=\"max\" data-height=\"max\" data-toolbar=\"bottom\" data-toolbar-fixed=\"off\">HVB 5 jkv<\/a>\n<p>&nbsp;<\/p>\n<h3>6. Jegyz\u0151k\u00f6nyv<\/h3>\n<a href=\"http:\/\/pro-it.hu\/kunagota.hu\/wp-content\/uploads\/2024\/05\/HVB-6.-jkv..pdf\" class=\"pdfemb-viewer\" style=\"\" data-width=\"max\" data-height=\"max\" data-toolbar=\"bottom\" data-toolbar-fixed=\"off\">HVB 6. jkv.<\/a>\n<p>&nbsp;<\/p>\n","protected":false},"excerpt":{"rendered":"<p>Hat\u00e1rozat- Meg\u00fcresedett k\u00e9pvisel\u0151i mand\u00e1tum &nbsp; &nbsp; Hat\u00e1rozat- Polg\u00e1rmester v\u00e1laszt\u00e1s eredm\u00e9nye &nbsp; &nbsp; Hat\u00e1rozat- Egy\u00e9ni list\u00e1s k\u00e9pvisel\u0151jel\u00f6lt v\u00e1laszt\u00e1s eredm\u00e9nye &nbsp; &nbsp; Hat\u00e1rozat- Nemzetis\u00e9gi k\u00e9pvisel\u0151jel\u00f6lt v\u00e1laszt\u00e1s eredm\u00e9nye&nbsp; &nbsp; &nbsp; Szavaz\u00f3k\u00f6r\u00f6k kialak\u00edt\u00e1s\u00e1r\u00f3l \u00e9s fel\u00fclvizsg\u00e1lat\u00e1r\u00f3l sz\u00f3l\u00f3 hat\u00e1rozata &nbsp; &nbsp; V\u00e1laszt\u00e1si Iroda mand\u00e1tumok sz\u00e1m\u00e1nak meg\u00e1llap\u00edt\u00e1s\u00e1r\u00f3l&hellip; <\/p>\n","protected":false},"author":1,"featured_media":0,"parent":0,"menu_order":0,"comment_status":"closed","ping_status":"closed","template":"","meta":{"ngg_post_thumbnail":0,"footnotes":"","_links_to":"","_links_to_target":""},"class_list":["post-4570","page","type-page","status-publish","hentry"],"_links":{"self":[{"href":"http:\/\/pro-it.hu\/kunagota.hu\/wp-json\/wp\/v2\/pages\/4570","targetHints":{"allow":["GET"]}}],"collection":[{"href":"http:\/\/pro-it.hu\/kunagota.hu\/wp-json\/wp\/v2\/pages"}],"about":[{"href":"http:\/\/pro-it.hu\/kunagota.hu\/wp-json\/wp\/v2\/types\/page"}],"author":[{"embeddable":true,"href":"http:\/\/pro-it.hu\/kunagota.hu\/wp-json\/wp\/v2\/users\/1"}],"replies":[{"embeddable":true,"href":"http:\/\/pro-it.hu\/kunagota.hu\/wp-json\/wp\/v2\/comments?post=4570"}],"version-history":[{"count":19,"href":"http:\/\/pro-it.hu\/kunagota.hu\/wp-json\/wp\/v2\/pages\/4570\/revisions"}],"predecessor-version":[{"id":5036,"href":"http:\/\/pro-it.hu\/kunagota.hu\/wp-json\/wp\/v2\/pages\/4570\/revisions\/5036"}],"wp:attachment":[{"href":"http:\/\/pro-it.hu\/kunagota.hu\/wp-json\/wp\/v2\/media?parent=4570"}],"curies":[{"name":"wp","href":"https:\/\/api.w.org\/{rel}","templated":true}]}}