{"id":5089,"date":"2024-07-11T08:00:50","date_gmt":"2024-07-11T08:00:50","guid":{"rendered":"http:\/\/pro-it.hu\/kunagota.hu\/?page_id=5089"},"modified":"2024-07-11T08:00:50","modified_gmt":"2024-07-11T08:00:50","slug":"kepviselo-testuleti-jegyzokonyvek","status":"publish","type":"page","link":"http:\/\/pro-it.hu\/kunagota.hu\/kepviselo-testuleti-jegyzokonyvek\/","title":{"rendered":"K\u00e9pvisel\u0151-test\u00fcleti jegyz\u0151k\u00f6nyvek"},"content":{"rendered":"","protected":false},"excerpt":{"rendered":"","protected":false},"author":1,"featured_media":0,"parent":0,"menu_order":0,"comment_status":"closed","ping_status":"closed","template":"","meta":{"ngg_post_thumbnail":0,"footnotes":"","_links_to":"","_links_to_target":""},"class_list":["post-5089","page","type-page","status-publish","hentry"],"_links":{"self":[{"href":"http:\/\/pro-it.hu\/kunagota.hu\/wp-json\/wp\/v2\/pages\/5089","targetHints":{"allow":["GET"]}}],"collection":[{"href":"http:\/\/pro-it.hu\/kunagota.hu\/wp-json\/wp\/v2\/pages"}],"about":[{"href":"http:\/\/pro-it.hu\/kunagota.hu\/wp-json\/wp\/v2\/types\/page"}],"author":[{"embeddable":true,"href":"http:\/\/pro-it.hu\/kunagota.hu\/wp-json\/wp\/v2\/users\/1"}],"replies":[{"embeddable":true,"href":"http:\/\/pro-it.hu\/kunagota.hu\/wp-json\/wp\/v2\/comments?post=5089"}],"version-history":[{"count":1,"href":"http:\/\/pro-it.hu\/kunagota.hu\/wp-json\/wp\/v2\/pages\/5089\/revisions"}],"predecessor-version":[{"id":5091,"href":"http:\/\/pro-it.hu\/kunagota.hu\/wp-json\/wp\/v2\/pages\/5089\/revisions\/5091"}],"wp:attachment":[{"href":"http:\/\/pro-it.hu\/kunagota.hu\/wp-json\/wp\/v2\/media?parent=5089"}],"curies":[{"name":"wp","href":"https:\/\/api.w.org\/{rel}","templated":true}]}}