{"id":5975,"date":"2025-11-06T07:32:29","date_gmt":"2025-11-06T07:32:29","guid":{"rendered":"https:\/\/pro-it.hu\/kunagota.hu\/?page_id=5975"},"modified":"2025-11-06T07:32:29","modified_gmt":"2025-11-06T07:32:29","slug":"kerdoiv","status":"publish","type":"page","link":"http:\/\/pro-it.hu\/kunagota.hu\/kerdoiv\/","title":{"rendered":"K\u00e9rd\u0151\u00edv"},"content":{"rendered":"<p><span style=\"font-size: 10.0pt; font-family: 'Verdana',sans-serif;\">A <strong><span style=\"font-family: 'Verdana',sans-serif;\">TOP_Plusz-3.3.1-21<\/span><\/strong>&nbsp;felh\u00edv\u00e1s keret\u00e9ben beny\u00fajt\u00e1sra ker\u00fcl\u0151 projekt-el\u0151k\u00e9sz\u00edt\u0151 tanulm\u00e1ny k\u00f6telez\u0151 mell\u00e9kletek\u00e9nt szerepel az&nbsp;<strong><span style=\"font-family: 'Verdana',sans-serif;\">ig\u00e9nyfelm\u00e9r\u00e9st al\u00e1t\u00e1maszt\u00f3 dokumentum: k\u00e9rd\u0151\u00edv<\/span><\/strong>. A k\u00e9rd\u0151\u00edvek kit\u00f6lt\u00e9s\u00e9nek hat\u00e1rideje:&nbsp;<strong><span style=\"font-family: 'Verdana',sans-serif;\">2025. november 13. 12:00 \u00f3ra<\/span><\/strong><\/span><\/p>\n<p>&nbsp;<\/p>\n<p><a href=\"https:\/\/docs.google.com\/forms\/d\/e\/1FAIpQLSfVq3mZDUUIX7fUHCPe0AuGM0-upItKzpwVs5rq3oOVCijlIA\/viewform?usp=dialog\">https:\/\/docs.google.com\/forms\/d\/e\/1FAIpQLSfVq3mZDUUIX7fUHCPe0AuGM0-upItKzpwVs5rq3oOVCijlIA\/viewform?usp=dialog<\/a><\/p>\n","protected":false},"excerpt":{"rendered":"<p>A TOP_Plusz-3.3.1-21&nbsp;felh\u00edv\u00e1s keret\u00e9ben beny\u00fajt\u00e1sra ker\u00fcl\u0151 projekt-el\u0151k\u00e9sz\u00edt\u0151 tanulm\u00e1ny k\u00f6telez\u0151 mell\u00e9kletek\u00e9nt szerepel az&nbsp;ig\u00e9nyfelm\u00e9r\u00e9st al\u00e1t\u00e1maszt\u00f3 dokumentum: k\u00e9rd\u0151\u00edv. A k\u00e9rd\u0151\u00edvek kit\u00f6lt\u00e9s\u00e9nek hat\u00e1rideje:&nbsp;2025. november 13. 12:00 \u00f3ra &nbsp; https:\/\/docs.google.com\/forms\/d\/e\/1FAIpQLSfVq3mZDUUIX7fUHCPe0AuGM0-upItKzpwVs5rq3oOVCijlIA\/viewform?usp=dialog<\/p>\n","protected":false},"author":1,"featured_media":0,"parent":0,"menu_order":0,"comment_status":"closed","ping_status":"closed","template":"","meta":{"ngg_post_thumbnail":0,"footnotes":"","_links_to":"","_links_to_target":""},"class_list":["post-5975","page","type-page","status-publish","hentry"],"_links":{"self":[{"href":"http:\/\/pro-it.hu\/kunagota.hu\/wp-json\/wp\/v2\/pages\/5975","targetHints":{"allow":["GET"]}}],"collection":[{"href":"http:\/\/pro-it.hu\/kunagota.hu\/wp-json\/wp\/v2\/pages"}],"about":[{"href":"http:\/\/pro-it.hu\/kunagota.hu\/wp-json\/wp\/v2\/types\/page"}],"author":[{"embeddable":true,"href":"http:\/\/pro-it.hu\/kunagota.hu\/wp-json\/wp\/v2\/users\/1"}],"replies":[{"embeddable":true,"href":"http:\/\/pro-it.hu\/kunagota.hu\/wp-json\/wp\/v2\/comments?post=5975"}],"version-history":[{"count":1,"href":"http:\/\/pro-it.hu\/kunagota.hu\/wp-json\/wp\/v2\/pages\/5975\/revisions"}],"predecessor-version":[{"id":5977,"href":"http:\/\/pro-it.hu\/kunagota.hu\/wp-json\/wp\/v2\/pages\/5975\/revisions\/5977"}],"wp:attachment":[{"href":"http:\/\/pro-it.hu\/kunagota.hu\/wp-json\/wp\/v2\/media?parent=5975"}],"curies":[{"name":"wp","href":"https:\/\/api.w.org\/{rel}","templated":true}]}}