{"id":6217,"date":"2026-02-12T14:48:54","date_gmt":"2026-02-12T14:48:54","guid":{"rendered":"https:\/\/pro-it.hu\/kunagota.hu\/?page_id=6217"},"modified":"2026-03-12T07:50:00","modified_gmt":"2026-03-12T07:50:00","slug":"tajekoztatas","status":"publish","type":"page","link":"http:\/\/pro-it.hu\/kunagota.hu\/tajekoztatas\/","title":{"rendered":"T\u00e1j\u00e9koztat\u00e1s"},"content":{"rendered":"<p>&nbsp;<\/p>\n<p><img loading=\"lazy\" decoding=\"async\" class=\"alignnone size-full wp-image-4362\" src=\"http:\/\/pro-it.hu\/kunagota.hu\/wp-content\/uploads\/2023\/11\/1.png\" alt=\"\" width=\"481\" height=\"137\"><\/p>\n<p><strong>T\u00e1mogat\u00e1st ig\u00e9nyl\u0151 neve: <\/strong>Kun\u00e1gota K\u00f6zs\u00e9g \u00d6nkorm\u00e1nyzata<\/p>\n<p><strong>Konzorciumi tag(ok) neve:<\/strong> Oros-Projekt Nonprofit Kft.<\/p>\n<p><strong>A projekt c\u00edme:<\/strong> Konyhafel\u00faj\u00edt\u00e1s, fejleszt\u00e9s Kun\u00e1got\u00e1n<\/p>\n<p><strong>A projekt azonos\u00edt\u00f3 sz\u00e1ma:<\/strong> TOP_PLUSZ-6.1.1-21-BS1-2022-00004<\/p>\n<p><strong>T\u00e1mogat\u00e1s \u00f6sszege:<\/strong> 120 000 000 Ft<\/p>\n<p><strong>T\u00e1mogat\u00e1s m\u00e9rt\u00e9ke:<\/strong> 100%<\/p>\n<p><strong>A projekt kezdete:<\/strong> 2023. 05. 01.<\/p>\n<p><strong>A projekt tervezett befejez\u00e9se:<\/strong> 2025. 11. 15.<\/p>\n<p><strong>A projekt c\u00e9lja: <\/strong>Kun\u00e1gota telep\u00fcl\u00e9sen sikeresen befejez\u0151d\u00f6tt a \u201eKonyhafel\u00faj\u00edt\u00e1s, fejleszt\u00e9s Kun\u00e1got\u00e1n\u201d c\u00edm\u0171 projekt, amely 2021-2027-es programoz\u00e1si id\u0151szak keret\u00e9ben, 120 milli\u00f3 forint eur\u00f3pai uni\u00f3s vissza nem t\u00e9r\u00edtend\u0151 t\u00e1mogat\u00e1s felhaszn\u00e1l\u00e1s\u00e1val val\u00f3sult meg.<\/p>\n<p>A projekt a Ter\u00fclet- \u00e9s Telep\u00fcl\u00e9sfejleszt\u00e9si Operat\u00edv Program Plusz (TOP Plusz) t\u00e1mogat\u00e1s\u00e1val, az Eur\u00f3pai Uni\u00f3 t\u00e1rsfinansz\u00edroz\u00e1s\u00e1ban, a Sz\u00e9chenyi Terv Plusz program keret\u00e9ben val\u00f3sult meg. A projekt c\u00e9lja az \u201eL\u201d alaprajzi kialak\u00edt\u00e1s\u00fa, hagyom\u00e1nyos \u00e9p\u00edt\u00e9si technol\u00f3gi\u00e1val \u00e9p\u00fclt, k\u00f6zponti konyha-eb\u00e9dl\u0151 funkci\u00f3j\u00e1t ell\u00e1t\u00f3 \u00e9p\u00fclet fel\u00faj\u00edt\u00e1sa, a mai kor ig\u00e9nyeit kiel\u00e9g\u00edt\u0151 korszer\u0171 konyha kialak\u00edt\u00e1sa volt.<\/p>\n<p><strong>A fejleszt\u00e9s megval\u00f3s\u00edt\u00e1si helye:<\/strong> 5746 Kun\u00e1gota, \u00c1rp\u00e1d u. 65.<\/p>\n<p>A projekt keret\u00e9ben \u00e9p\u00fclet bels\u0151 funkci\u00f3i a kor k\u00f6vetelm\u00e9nyeinek megfelel\u0151en ker\u00fcltek kialak\u00edt\u00e1sra \u00e9s \u00e1talak\u00edt\u00e1sra, mint \u00faj h\u00fasel\u0151k\u00e9sz\u00edt\u0151 helyis\u00e9g, \u00faj konyhai mosogat\u00f3, \u00f6lt\u00f6z\u0151 helyis\u00e9gek, n\u0151i-f\u00e9rfi vizesblokkal egy\u00fctt ker\u00fcltek kialak\u00edt\u00e1sra. A megl\u00e9v\u0151 mosogat\u00f3 helyis\u00e9g \u00faj funkci\u00f3t kapott, el\u0151k\u00e9sz\u00edt\u0151 lett. A bels\u0151 terek tisztas\u00e1gi fest\u00e9st, a technol\u00f3giai helyis\u00e9gek 2,10 m magass\u00e1gig csempe burkol\u00e1st kaptak. Meg\u00fajult a \u00e9p\u00fclet teljes villamoss\u00e1gi rendszere, valamint \u00e9p\u00fcletg\u00e9p\u00e9szet fejleszt\u00e9s\u00e9vel a technol\u00f3giai helyis\u00e9gek eset\u00e9n az elsz\u00edv\u00e1s, konyha helyis\u00e9g eset\u00e9n a h\u0171t\u00e9s biztos\u00edtott\u00e1 v\u00e1lt. Az akad\u00e1lymentes k\u00f6zleked\u00e9s biztos\u00edt\u00e1sa \u00e9rdek\u00e9ben projektar\u00e1nyos akad\u00e1lymentes\u00edt\u00e9s val\u00f3sult meg.<\/p>\n<p>A projekt a t\u00e1mogat\u00e1si szerz\u0151d\u00e9sben foglaltaknak megfelel\u0151en, a tervezett hat\u00e1rid\u0151re, eredm\u00e9nyesen lez\u00e1rult. A megval\u00f3s\u00edt\u00e1s sor\u00e1n a kedvezm\u00e9nyezett kiemelt figyelmet ford\u00edtott a szab\u00e1lyszer\u0171 v\u00e9grehajt\u00e1sra, valamint a v\u00e1llalt szakmai \u00e9s p\u00e9nz\u00fcgyi k\u00f6telezetts\u00e9gek teljes\u00edt\u00e9s\u00e9re.<\/p>\n<p>A fejleszt\u00e9s megval\u00f3sul\u00e1sa hozz\u00e1j\u00e1rul Kun\u00e1gota fenntarthat\u00f3 fejl\u0151d\u00e9s\u00e9hez, valamint a t\u00e9rs\u00e9g versenyk\u00e9pess\u00e9g\u00e9nek er\u0151s\u00edt\u00e9s\u00e9hez.<\/p>\n<p>Jelen projekt konzorciumi egy\u00fcttm\u0171k\u00f6d\u00e9s form\u00e1j\u00e1ban ker\u00fclt lebonyol\u00edt\u00e1sra.<\/p>\n<p>A projekt az Eur\u00f3pai Uni\u00f3 t\u00e1mogat\u00e1s\u00e1val val\u00f3sul meg.<\/p>\n<p><strong>Kapcsolat: <\/strong>Kun\u00e1gota K\u00f6zs\u00e9g \u00d6nkorm\u00e1nyzata 5746 Kun\u00e1gota, R\u00e1k\u00f3czi u. 9. <a href=\"mailto:jegyzo@kunagota.t-online.hu\">jegyzo@kunagota.t-online.hu<\/a><\/p>\n<p>&nbsp;<\/p>\n<a href=\"http:\/\/pro-it.hu\/kunagota.hu\/wp-content\/uploads\/2024\/05\/Konyhafel\u00faj\u00edt\u00e1s-fejleszt\u00e9s-Kun\u00e1got\u00e1n.pdf\" class=\"pdfemb-viewer\" style=\"\" data-width=\"max\" data-height=\"max\" data-toolbar=\"bottom\" data-toolbar-fixed=\"off\">Konyhafel\u00faj\u00edt\u00e1s, fejleszt\u00e9s Kun\u00e1got\u00e1n<\/a>\n<p>&nbsp;<\/p>\n","protected":false},"excerpt":{"rendered":"<p>&nbsp; T\u00e1mogat\u00e1st ig\u00e9nyl\u0151 neve: Kun\u00e1gota K\u00f6zs\u00e9g \u00d6nkorm\u00e1nyzata Konzorciumi tag(ok) neve: Oros-Projekt Nonprofit Kft. A projekt c\u00edme: Konyhafel\u00faj\u00edt\u00e1s, fejleszt\u00e9s Kun\u00e1got\u00e1n A projekt azonos\u00edt\u00f3 sz\u00e1ma: TOP_PLUSZ-6.1.1-21-BS1-2022-00004 T\u00e1mogat\u00e1s \u00f6sszege: 120 000 000 Ft T\u00e1mogat\u00e1s m\u00e9rt\u00e9ke: 100% A projekt kezdete: 2023. 05. 01. A&hellip; <\/p>\n","protected":false},"author":1,"featured_media":0,"parent":0,"menu_order":0,"comment_status":"closed","ping_status":"closed","template":"","meta":{"ngg_post_thumbnail":0,"footnotes":"","_links_to":"","_links_to_target":""},"class_list":["post-6217","page","type-page","status-publish","hentry"],"_links":{"self":[{"href":"http:\/\/pro-it.hu\/kunagota.hu\/wp-json\/wp\/v2\/pages\/6217","targetHints":{"allow":["GET"]}}],"collection":[{"href":"http:\/\/pro-it.hu\/kunagota.hu\/wp-json\/wp\/v2\/pages"}],"about":[{"href":"http:\/\/pro-it.hu\/kunagota.hu\/wp-json\/wp\/v2\/types\/page"}],"author":[{"embeddable":true,"href":"http:\/\/pro-it.hu\/kunagota.hu\/wp-json\/wp\/v2\/users\/1"}],"replies":[{"embeddable":true,"href":"http:\/\/pro-it.hu\/kunagota.hu\/wp-json\/wp\/v2\/comments?post=6217"}],"version-history":[{"count":4,"href":"http:\/\/pro-it.hu\/kunagota.hu\/wp-json\/wp\/v2\/pages\/6217\/revisions"}],"predecessor-version":[{"id":6397,"href":"http:\/\/pro-it.hu\/kunagota.hu\/wp-json\/wp\/v2\/pages\/6217\/revisions\/6397"}],"wp:attachment":[{"href":"http:\/\/pro-it.hu\/kunagota.hu\/wp-json\/wp\/v2\/media?parent=6217"}],"curies":[{"name":"wp","href":"https:\/\/api.w.org\/{rel}","templated":true}]}}